hat is the hundred millions digit of 176098640?
1
What is the units digit of 102279746?
6
What is the hundred thousands digit of 40719348?
7
What is the hundreds digit of 75841149?
1
What is the hundred thousands digit of 294382460?
3
What is the hundreds digit of 2095678019?
0
What is the thousands digit of 271308227?
8
What is the tens digit of 274007602?
0
What is the thousands digit of 3067323503?
3
What is the thousands digit of 100048422?
8
What is the hundreds digit of 25301373?
3
What is the hundred thousands digit of 6836604028?
6
What is the thousands digit of 298773104?
3
What is the hundred thousands digit of 38425132?
4
What is the hundreds digit of 26910525?
5
What is the ten millions digit of 65929837?
6
What is the thousands digit of 121102515?
2
What is the ten millions digit of 773620455?
7
What is the hundred millions digit of 694496180?
6
What is the thousands digit of 233382953?
2
What is the hundreds digit of 78191679?
6
What is the hundred thousands digit of 238627261?
6
What is the thousands digit of 96176974?
6
What is the thousands digit of 71608896?
8
What is the units digit of 74773302?
2
What is the millions digit of 18771308?
8
What is the ten thousands digit of 94582919?
8
What is the units digit of 2063099953?
3
What is the thousands digit of 29930098?
0
What is the millions digit of 3510291430?
0
What is the thousands digit of 4537688757?
8
What is the ten millions digit of 4050545862?
5
What is the hundred millions digit of 310037234?
3
What is the hundreds digit of 213517607?
6
What is the millions digit of 259970895?
9
What is the hundreds digit of 65561985?
9
What is the hundred thousands digit of 166416212?
4
What is the ten thousands digit of 22068045?
6
What is the ten thousands digit of 612962669?
6
What is the hundreds digit of 58757604?
6
What is the ten thousands digit of 1056416096?
1
What is the millions digit of 713435220?
3
What is the tens digit of 3494567?
6
What is the units digit of 101615612?
2
What is the tens digit of 541184810?
1
What is the units digit of 1800975047?
7
What is the hundred millions digit of 230250812?
2
What is the tens digit of 82254394?
9
What is the thousands digit of 113173349?
3
What is the tens digit of 453522122?
2
What is the tens digit of 70071762?
6
What is the hundred thousands digit of 45142607?
1
What is the hundreds digit of 8791905?
9
What is the thousands digit of 23132423?
2
What is the ten thousands digit of 27649347?
4
What is the hundred millions digit of 316688844?
3
What is the ten thousands digit of 102699234?
9
What is the millions digit of 830627710?
0
What is the hundreds digit of 12650440?
4
What is the thousands digit of 685350692?
0
What is the ten millions digit of 1435366747?
3
What is the tens digit of 6435354829?
2
What is the units digit of 4482370874?
4
What is the hundred thousands digit of 335936110?
9
What is the ten thousands digit of 343960786?
6
What is the ten millions digit of 25393072?
2
What is the millions digit of 100878622?
0
What is the millions digit of 864015323?
4
What is the ten thousands digit of 81639980?
3
What is the millions digit of 16074339?
6
What is the ten millions digit of 418908505?
1
What is the millions digit of 6827804?
6
What is the thousands digit of 8473792316?
2
What is the hundreds digit of 394258439?
4
What is the hundreds digit of 21704285?
2
What is the tens digit of 247945064?
6
What is the ten millions digit of 41446874?
4
What is the tens digit of 48615466?
6
What is the hundred thousands digit of 54616255?
6
What is the millions digit of 147127300?
7
What is the millions digit of 860440640?
0
What is the hundred thousands digit of 66188194?
1
What is the hundreds digit of 1194511274?
2
What is the units digit of 296505621?
1
What is the thousands digit of 43915694?
5
What is the ten thousands digit of 28239451?
3
What is the billions digit of 6975652548?
6
What is the ten thousands digit of 531591319?
9
What is the ten thousands digit of 58332009?
3
What is the millions digit of 53200020?
3
What is the thousands digit of 898608510?
8
What is the hundred millions digit of 325841505?
3
What is the thousands digit of 6064739813?
9
What is the units digit of 48084713?
3
What is the units digit of 31802783?
3
What is the hundreds digit of 737369023?
0
What is the ten millions digit of 45372147?
4
What is the hundred millions digit of 153299564?
1
What is the units digit of 290074168?
8
What is the hundreds digit of 56685029?
0
What is the units digit of 12378685?
5
What is the hundred thousands digit of 114377903?
3
What is the thousands digit of 114909119?
9
What is the tens digit of 54873543?
4
What is the tens digit of 6408163948?
4
What is the hundred thousands digit of 3205016147?
0
What is the hundreds digit of 330761816?
8
What is the millions digit of 1840782130?
0
What is the millions digit of 27052710?
7
What is the units digit of 186804099?
9
What is the ten thousands digit of 875898259?
9
What is the hundred thousands digit of 282947575?
9
What is the units digit of 63947853?
3
What is the millions digit of 407063113?
7
What is the ten millions digit of 58125498?
5
What is the ten millions digit of 65452707?
6
What is the billions digit of 2816095917?
2
What is the thousands digit of 2642503577?
3
What is the hundred millions digit of 1507921935?
5
What is the thousands digit of 38212158?
2
What is the hundred thousands digit of 359698640?
6
What is the thousands digit of 86464826?
4
What is the ten millions digit of 1682963993?
8
What is the tens digit of 160846685?
8
What is the units digit of 277356518?
8
What is the tens digit of 87053600?
0
What is the ten thousands digit of 197551081?
5
What is the ten thousands digit of 83224077?
2
What is the thousands digit of 50750303?
0
What is the tens digit of 82031277?
7
What is the ten thousands digit of 462757203?
5
What is the thousands digit of 54625849?
5
What is the ten millions digit of 111099767?
1
What is the ten millions digit of 966809787?
6
What is the hundred millions digit of 139388097?
1
What is the thousands digit of 314426378?
6
What is the tens digit of 739595938?
3
What is the millions digit of 8736067?
8
What is the tens digit of 1420897275?
7
What is the units digit of 247637842?
2
What is the ten millions digit of 211541368?
1
What is the ten millions digit of 452831850?
5
What is the hundred millions digit of 4062683811?
0
What is the billions digit of 1432388162?
1
What is the millions digit of 4044294172?
4
What is the millions digit of 2000159939?
0
What is the units digit of 111365771?
1
What is the ten millions digit of 4641925051?
4
What is the millions digit of 497134643?
7
What is the hundreds digit of 64055340?
3
What is the hundred thousands digit of 8702160?
7
What is the ten millions digit of 183249421?
8
What is the units digit of 189546061?
1
What is the ten millions digit of 94776407?
9
What is the millions digit of 116892578?
6
What is the units digit of 69200330?
0
What is the hundred millions digit of 1992632521?
9
What is the ten thousands digit of 654990023?
9
What is the hundred millions digit of 293061105?
2
What is the thousands digit of 3519428188?
8
What is the hundreds digit of 99312480?
4
What is the ten thousands digit of 366399874?
9
What is the hundred millions digit of 283851385?
2
What is the hundreds digit of 2838748404?
4
What is the tens digit of 4749379?
7
What is the hundred millions digit of 630263671?
6
What is the millions digit of 3480236448?
0
What is the ten thousands digit of 4705449260?
4
What is the hundred millions digit of 352220537?
3
What is the units digit of 442468795?
5
What is the thousands digit of 3754690615?
0
What is the ten millions digit of 111600520?
1
What is the tens digit of 194123434?
3
What is the tens digit of 92988236?
3
What is the ten thousands digit of 163593512?
9
What is the hundred millions digit of 205662503?
2
What is the hundred thousands digit of 479817821?
8
What is the thousands digit of 20378969?
8
What is the thousands digit of 16767354?
7
What is the tens digit of 136507524?
2
What is the ten thousands digit of 447378673?
7
What is the hundreds digit of 31250731?
7
What is the hundred millions digit of 753251157?
7
What is the tho